{"version":"1.0","provider_name":"Ferdinand Cup","provider_url":"https:\/\/ferdinandcup.com\/en","title":"Manche 6 - Circuit de Ledenon - 2026 - Ferdinand Cup","type":"rich","width":600,"height":338,"html":"<blockquote class=\"wp-embedded-content\" data-secret=\"ViJamoClv9\"><a href=\"https:\/\/ferdinandcup.com\/en\/manche-6-circuit-de-ledenon-2026\/\">Manche 6 &#8211; Circuit de Ledenon &#8211; 2026<\/a><\/blockquote><iframe sandbox=\"allow-scripts\" security=\"restricted\" src=\"https:\/\/ferdinandcup.com\/en\/manche-6-circuit-de-ledenon-2026\/embed\/#?secret=ViJamoClv9\" width=\"600\" height=\"338\" title=\"&#8220;Manche 6 &#8211; Circuit de Ledenon &#8211; 2026&#8221; &#8212; Ferdinand Cup\" data-secret=\"ViJamoClv9\" frameborder=\"0\" marginwidth=\"0\" marginheight=\"0\" scrolling=\"no\" class=\"wp-embedded-content\"><\/iframe><script>\n\/*! This file is auto-generated *\/\n!function(d,l){\"use strict\";l.querySelector&&d.addEventListener&&\"undefined\"!=typeof URL&&(d.wp=d.wp||{},d.wp.receiveEmbedMessage||(d.wp.receiveEmbedMessage=function(e){var t=e.data;if((t||t.secret||t.message||t.value)&&!\/[^a-zA-Z0-9]\/.test(t.secret)){for(var s,r,n,a=l.querySelectorAll('iframe[data-secret=\"'+t.secret+'\"]'),o=l.querySelectorAll('blockquote[data-secret=\"'+t.secret+'\"]'),c=new RegExp(\"^https?:$\",\"i\"),i=0;i<o.length;i++)o[i].style.display=\"none\";for(i=0;i<a.length;i++)s=a[i],e.source===s.contentWindow&&(s.removeAttribute(\"style\"),\"height\"===t.message?(1e3<(r=parseInt(t.value,10))?r=1e3:~~r<200&&(r=200),s.height=r):\"link\"===t.message&&(r=new URL(s.getAttribute(\"src\")),n=new URL(t.value),c.test(n.protocol))&&n.host===r.host&&l.activeElement===s&&(d.top.location.href=t.value))}},d.addEventListener(\"message\",d.wp.receiveEmbedMessage,!1),l.addEventListener(\"DOMContentLoaded\",function(){for(var e,t,s=l.querySelectorAll(\"iframe.wp-embedded-content\"),r=0;r<s.length;r++)(t=(e=s[r]).getAttribute(\"data-secret\"))||(t=Math.random().toString(36).substring(2,12),e.src+=\"#?secret=\"+t,e.setAttribute(\"data-secret\",t)),e.contentWindow.postMessage({message:\"ready\",secret:t},\"*\")},!1)))}(window,document);\n\/\/# sourceURL=https:\/\/ferdinandcup.com\/wp-includes\/js\/wp-embed.min.js\n<\/script>","description":"Du 30 au 31 octobre 2026 La derni\u00e8re ! La Ferdinand Cup retrouvera le circuit de L\u00e9denon les 30 et 31 octobre 2026 pour conclure une nouvelle saison d\u00e9di\u00e9e aux Porsche classiques. Sur ce trac\u00e9 aussi technique qu\u2019exigeant, les pilotes devront une derni\u00e8re fois conjuguer vitesse, pr\u00e9cision et r\u00e9gularit\u00e9. Entre d\u00e9nivel\u00e9s, encha\u00eenements rapides et freinages [&hellip;]","thumbnail_url":"https:\/\/ferdinandcup.com\/wp-content\/uploads\/2025\/10\/Ledenon.png","thumbnail_width":938,"thumbnail_height":555}

Du 30 au 31 octobre 2026 La dernière ! La Ferdinand Cup retrouvera le circuit de Lédenon les 30 et 31 octobre 2026 pour conclure une nouvelle saison dédiée aux Porsche classiques. Sur ce tracé aussi technique qu’exigeant, les pilotes devront une dernière fois conjuguer vitesse, précision et régularité. Entre dénivelés, enchaînements rapides et freinages [&hellip;]
